j and o?
3
Let m be (-14)/1*(-36)/8. Suppose 0 = i - c, -2*c = 2*i - 7 - 5. Suppose -y = -12 + i. Calculate the highest common factor of m and y.
9
Let d be (6/9)/((-6)/(-207)) + -4. What is the greatest common factor of 304 and d?
19
Suppose -2*x + 134 = p + 2*p, 3*p = -3*x + 204. Calculate the greatest common divisor of x and 10.
10
Let m(j) = -6*j**3 - j**2 - j. Let q be m(4). Let y be (-4)/(-6) - q/6. Let x be (117/(-6))/(-13)*(-34)/(-3). What is the greatest common factor of y and x?
17
Let u(d) = 3 + 1 + 0 + 54*d. Let f be u(2). Calculate the greatest common factor of 28 and f.
28
Let h(p) = p**2 - 7*p - 1. Let l be h(8). What is the highest common divisor of 49 and l?
7
Suppose c = 4*o + 293, 3*c - 864 = -0*o - 3*o. Suppose -4*j = n - j - c, 0 = -4*j + 12. Let d be n/(-8)*(-16)/5. What is the highest common factor of 16 and d?
16
Suppose 4*l - l + 345 = 0. Let k be 1/2 + l/(-10). Calculate the highest common divisor of 96 and k.
12
Suppose 4*k + 7 = 5*i, -5*k - 2 = -4*i - 0. Suppose -5*a = -k*l - 0*a - 16, -4*a = 0. Let g be (12/(-2))/(l/36). What is the highest common factor of 9 and g?
9
Suppose q - x = -7 - 0, 3*q - 4*x + 18 = 0. Let o(k) = k**3 + 9*k**2 - 13*k - 15. Let f be o(q). Let b = f - 4. What is the highest common factor of 88 and b?
11
Suppose 4*i + q = 110, -3*q + 0*q = 6. Let n = 7 - -21. What is the greatest common divisor of n and i?
28
Let q be (5/2)/(1 - (-2)/(-4)). Suppose 0 = -z + j + 4*j + 45, z - 39 = 3*j. What is the highest common factor of z and q?
5
Suppose 2*a + 7 = 3*w, -3*a + 5 - 20 = 0. Let d be 1/3 + (-25)/3. Let v = w - d. What is the greatest common divisor of v and 1?
1
Let k be (1 - 34)/(6/(-8)*2). Calculate the highest common factor of 44 and k.
22
Let u(w) = 10*w - 10. Let q be (-1 - -5) + 8/2. Let n be u(q). What is the highest common factor of n and 28?
14
Let n = -5 + 14. Let d be (60 - -3) + 0/(-5). Calculate the highest common divisor of d and n.
9
Suppose -37 = -2*t + 35. Suppose c - 5 = 0, -4*m = m - c - 5. Let a be 10 - 1 - 3 - m. What is the highest common divisor of t and a?
4
Let r(q) = -q**3 - q - 28. Let m be r(0). Let h be (-1756)/m - (-4)/14. What is the greatest common factor of h and 7?
7
Let s be ((-39)/6)/(1/(-6)). Calculate the greatest common divisor of s and 273.
39
Suppose -4*n + 7 + 5 = o, 0 = o + 3*n - 14. Suppose -2*y - w + 19 + 6 = 0, -2*y = 2*w - o. Calculate the highest common factor of 3 and y.
3
Let w(f) = -34*f + 12. Let h be w(-5). Let k = -122 + h. Calculate the highest common factor of k and 40.
20
Let q = -16 - -9. Let h(z) = -z**3 - 7*z**2 - 5*z + 10. Let w be h(q). Suppose -3*y + 10 + 35 = 0. What is the greatest common factor of w and y?
15
Let b(a) = -a + 15. Let n be b(6). Calculate the highest common divisor of n and 90.
9
Let i be ((-2)/(-2))/(2/12). Let g be 1 + (1/(-4))/((-4)/32). Calculate the greatest common factor of g and i.
3
Suppose 4*y + 3 = 19. Let x(h) = 5*h - 36. Let d be x(8). Calculate the highest common divisor of d and y.
4
Suppose -3*i + 50 = 2*i. Let f be -2 + (i - (-4)/2). Calculate the greatest common factor of f and 70.
10
Let v = 329 + -212. Let w = -11 - -24. What is the highest common factor of v and w?
13
Let l be -5 + 0 + 1 - -6. Suppose -2*u + 14 = -0*u. Let y = l + u. Calculate the highest common divisor of 3 and y.
3
Let h(j) = -17*j - 3. Let z = 3 - 6. Let p be h(z). Calculate the highest common divisor of 16 and p.
16
Suppose 3*y - 3 = s - 9, 4*y + 8 = 4*s. Suppose -3*w + 5 + 37 = s. What is the greatest common factor of 98 and w?
14
Let l = -67 + 116. Suppose -4*g = -l - 23. Calculate the greatest common factor of g and 144.
18
Let g be (-2)/10 - 42/(-10). Suppose -2*a = 2*a - d - 59, 3*a = -g*d + 49. What is the highest common factor of a and 5?
5
Suppose l = -l + 28. Let w(h) = l*h**2 + 1 - 4 + 2. Let n be w(-1). What is the greatest common factor of 39 and n?
13
Suppose 3*m - 24 = -m. Calculate the highest common factor of m and 18.
6
Let a = -9 + 11. Let i(t) = -10*t**3 - t**2 - t. Let n be i(-1). Let u = -6 + n. What is the highest common divisor of a and u?
2
Let o(j) = -4*j - 7. Let l be o(-7). Let n = -13 + l. What is the greatest common divisor of 56 and n?
8
Suppose 3*x + 2*d - 2 = -101, 2*d - 118 = 4*x. Let a = -1 - x. What is the highest common factor of a and 12?
6
Let k(n) be the second derivative of -n**5/20 - n**4/4 + 2*n**3/3 + n**2 - n. Let q be k(-5). What is the highest common divisor of 16 and q?
16
Suppose -14 = -4*c + 82. Calculate the highest common factor of c and 120.
24
Suppose -2*k + 55 = -431. Let m be k/5 + (-24)/40. What is the highest common factor of m and 12?
12
Let d be (-3 - -36 - (4 - 3)) + 0. Suppose -4*n + 12 = -7*i + 3*i, 0 = 4*n + 2*i - 18. Calculate the greatest common factor of n and d.
4
Let u = 267 - 103. Suppose u = 5*j + 29. What is the greatest common divisor of j and 18?
9
Let l be 5/(-20) + (-45)/(-4). Suppose -v + 92 = 3*v. Let z = 98 + v. What is the highest common factor of l and z?
11
Suppose 74 = 4*r + 2*u, -5*r + 2*u - 7*u + 85 = 0. Let p be (r + 1)*12/7. Calculate the highest common divisor of p and 9.
9
Suppose -6 - 100 = 2*f. Let b = -23 - f. What is the highest common factor of 45 and b?
15
Let c(y) = -y**2 - 13*y - 15. Let x be c(-11). Calculate the greatest common factor of x and 1.
1
Suppose -5*d - n + 24 = 0, 2*n + 22 = -d + 5*d. Suppose -d*a + 33 = -7. Calculate the greatest common divisor of a and 64.
8
Let c = 0 - 2. Let j be ((-16)/(-12))/(c/(-15)). Suppose -5*h + 15 = 0, 0 = -4*l - 0*h - 2*h + j. Calculate the highest common factor of 8 and l.
1
Let q(j) = -3*j**3 + j. Let f be q(-1). Let u = f - 2. Suppose -76 = -4*r - u*r. What is the highest common factor of 57 and r?
19
Suppose 3*u - 36 = -2*y + 8, 5*u = -y + 78. Calculate the highest common factor of 56 and u.
8
Let k = -82 - -148. What is the greatest common divisor of k and 6?
6
Suppose h - 130 = -h. Calculate the highest common divisor of h and 5.
5
Let p(o) = -o**2 + 3*o + 4. Let n be p(4). Suppose n = -4*z + 8 - 4. What is the greatest common factor of z and 7?
1
Suppose -r - r + 3*o = 0, -5*o = -5*r. Suppose -4*c + 42 = 3*u, 2*c + r*c - 14 = -5*u. Let k = 84 + -54. Calculate the greatest common factor of k and c.
6
Let r(h) be the second derivative of 4*h**3/3 + 2*h**2 + 2*h. Let y be r(4). What is the highest common factor of 90 and y?
18
Let u be (-2)/8 + 219/(-4). Suppose -35 = -c + 42. Let s = c + u. Calculate the highest common divisor of 55 and s.
11
Suppose 5*c - 5 = 20. Suppose b - 2*b + 5*a + 7 = 0, -a + 87 = c*b. What is the highest common divisor of b and 17?
17
Let d(b) = 2*b - 8. Let y(x) = x - 8. Let c(f) = 2*d(f) - 3*y(f). Let v be c(0). Let w = 253 - 165. Calculate the greatest common divisor of v and w.
8
Suppose 3*n + n + 5*g = 110, -4*g - 98 = -3*n. Calculate the greatest common factor of n and 18.
6
Suppose -2*y - 14 = -4*c - 7*y, -10 = 5*y. What is the greatest common divisor of c and 12?
6
Suppose -3*p + 129 + 45 = 0. Calculate the highest common divisor of 87 and p.
29
Let u = -5 + 20. What is the highest common divisor of 105 and u?
15
Suppose -4*o + 2*o = -6. Suppose -j - 4 = -2, -24 = -2*z - 3*j. What is the highest common factor of o and z?
3
Let j = -4 - -6. Let v be (-1)/j*-2*14. Calculate the highest common factor of v and 7.
7
Let x = -19 - -11. Let i be (-2 + 5)*x/3. Let h = i - -19. What is the highest common factor of 99 and h?
11
Let m(g) = g**2 - 2*g + 8. Let o be m(8). Let v = 36 - 22. What is the greatest common divisor of v and o?
14
Let s(y) = y**2 - 10*y - 9. Let x be s(-9). What is the greatest common divisor of x and 18?
18
Let h be 6*(35/2 + -2). Suppose -v + 3*v + y = -36, -5*v - y = h. Let z = v - -85. Calculate the greatest common factor of 11 and z.
11
Let w(k) = k**3 - 8*k**2 - 2*k + 1. Let n be w(9). Let q = -33 - -23. Let u = 18 + q. Calculate the highest common divisor of n and u.
8
Suppose -b = -6*b. Suppose 4 + b = -2*d. Let f = d + 9. Calculate the highest common factor of f and 63.
7
Suppose -2*l - 2*q - 194 = -7*l, -q = -3. Let z = l - 8. Calculate the highest common factor of 4 and z.
4
Suppose -v - 10 = a - 6*v, -4*a - 2*v + 4 = 0. Suppose 2*m + 3*g = 33, a = 5*g - g + 12. What is the greatest common divisor of 21 and m?
21
Let q be 2